{"id":40,"date":"2021-10-20T17:29:03","date_gmt":"2021-10-20T15:29:03","guid":{"rendered":"https:\/\/brasseriedesroches.fr\/?page_id=40"},"modified":"2025-01-04T16:14:44","modified_gmt":"2025-01-04T15:14:44","slug":"presentation","status":"publish","type":"page","link":"https:\/\/brasseriedesroches.fr\/","title":{"rendered":"PRESENTATION"},"content":{"rendered":"\n<p>Petite Brasserie artisanale cr\u00e9e en 2009. Initialement cr\u00e9e aux Roches de Condrieu, d&rsquo;o\u00f9 son nom, la brasserie est maintenant situ\u00e9e dans la ZA Grand Champ \u00e0 Chonas l&rsquo;Amballan, \u00e0 cot\u00e9 de Vienne (38).<br>La d\u00e9marche est de proposer une bi\u00e8re fabriqu\u00e9e en partenariat avec des artisans locaux, et des produits de qualit\u00e9.<\/p>\n","protected":false},"excerpt":{"rendered":"<p>Petite Brasserie artisanale cr\u00e9e en 2009. Initialement cr\u00e9e aux Roches de Condrieu, d&rsquo;o\u00f9 son nom, la brasserie est maintenant situ\u00e9e dans la ZA Grand Champ \u00e0 Chonas l&rsquo;Amballan, \u00e0 cot\u00e9 de Vienne (38).La d\u00e9marche est de proposer une bi\u00e8re fabriqu\u00e9e en partenariat avec des artisans locaux, et des produits de qualit\u00e9.<\/p>\n","protected":false},"author":1,"featured_media":0,"parent":0,"menu_order":0,"comment_status":"closed","ping_status":"closed","template":"","meta":{"footnotes":""},"class_list":["post-40","page","type-page","status-publish","hentry"],"_links":{"self":[{"href":"https:\/\/brasseriedesroches.fr\/index.php?rest_route=\/wp\/v2\/pages\/40","targetHints":{"allow":["GET"]}}],"collection":[{"href":"https:\/\/brasseriedesroches.fr\/index.php?rest_route=\/wp\/v2\/pages"}],"about":[{"href":"https:\/\/brasseriedesroches.fr\/index.php?rest_route=\/wp\/v2\/types\/page"}],"author":[{"embeddable":true,"href":"https:\/\/brasseriedesroches.fr\/index.php?rest_route=\/wp\/v2\/users\/1"}],"replies":[{"embeddable":true,"href":"https:\/\/brasseriedesroches.fr\/index.php?rest_route=%2Fwp%2Fv2%2Fcomments&post=40"}],"version-history":[{"count":13,"href":"https:\/\/brasseriedesroches.fr\/index.php?rest_route=\/wp\/v2\/pages\/40\/revisions"}],"predecessor-version":[{"id":175,"href":"https:\/\/brasseriedesroches.fr\/index.php?rest_route=\/wp\/v2\/pages\/40\/revisions\/175"}],"wp:attachment":[{"href":"https:\/\/brasseriedesroches.fr\/index.php?rest_route=%2Fwp%2Fv2%2Fmedia&parent=40"}],"curies":[{"name":"wp","href":"https:\/\/api.w.org\/{rel}","templated":true}]}}